{"id":868,"date":"2016-10-31T14:15:13","date_gmt":"2016-10-31T13:15:13","guid":{"rendered":"http:\/\/dom-orehovica.hr\/web\/?page_id=868"},"modified":"2026-03-09T17:52:16","modified_gmt":"2026-03-09T16:52:16","slug":"arhiva-izvjesca-sa-sjednica-upravnog-vijeca-doma","status":"publish","type":"page","link":"https:\/\/dom-orehovica.hr\/?page_id=868","title":{"rendered":"Arhiva izvje\u0161\u0107a sa sjednica Upravnog vije\u0107a Doma"},"content":{"rendered":"<p><em><strong>2024. godina<\/strong><\/em><\/p>\n<p><a href=\"https:\/\/dom-orehovica.hr\/wp-content\/uploads\/2026\/03\/7-redovna-sjednica-Upravnog-vijeca-Doma-za-odrasle-osobe-Orehovica.pdf\">7 redovna sjednica Upravnog vijeca Doma za odrasle osobe Orehovica<\/a><\/p>\n<p><a href=\"https:\/\/dom-orehovica.hr\/wp-content\/uploads\/2025\/12\/6-redovna-sjednica-Upravnog-vijeca-Doma-za-odrasle-osobe-Orehovica.pdf\">6 redovna sjednica Upravnog vijeca Doma za odrasle osobe Orehovica<\/a><\/p>\n<p><a href=\"https:\/\/dom-orehovica.hr\/wp-content\/uploads\/2025\/10\/5-redovna-sjednica-Upravnog-vijeca-Doma-za-odrasle-osobe-Orehovica.pdf\">5 redovna sjednica Upravnog vijeca Doma za odrasle osobe Orehovica<\/a><\/p>\n<p><a href=\"https:\/\/dom-orehovica.hr\/wp-content\/uploads\/2025\/07\/4-redovna-sjednica-Upravnog-vijeca-Doma-za-odrasle-osobe-Orehovica.pdf\">4 redovna sjednica Upravnog vijeca Doma za odrasle osobe Orehovica<\/a><\/p>\n<p><a href=\"https:\/\/dom-orehovica.hr\/wp-content\/uploads\/2025\/07\/3-redovna-sjednica-Upravnog-vijeca-Doma-za-odrasle-osobe-Orehovica.pdf\">3 redovna sjednica Upravnog vijeca Doma za odrasle osobe Orehovica<\/a><\/p>\n<p><a href=\"https:\/\/dom-orehovica.hr\/wp-content\/uploads\/2025\/02\/2-redovna-sjednica-Upravnog-vijeca-Doma-za-odrasle-osobe-Orehovica.pdf\">2 redovna sjednica Upravnog vijeca Doma za odrasle osobe Orehovica<\/a><\/p>\n<p><a href=\"https:\/\/dom-orehovica.hr\/wp-content\/uploads\/2025\/01\/1-konstituirajuca-sjednica-Upravnog-vijeca-Doma-za-odrasle-osobe-Orehovica.pdf\">1 konstituirajuca sjednica Upravnog vijeca Doma za odrasle osobe Orehovica<\/a><\/p>\n<p><a href=\"https:\/\/dom-orehovica.hr\/wp-content\/uploads\/2024\/12\/65-redovna-sjednica-Upravnog-vijeca-Doma-za-odrasle-osobe-Orehovica.pdf\">65 redovna sjednica Upravnog vijeca Doma za odrasle osobe Orehovica<\/a><\/p>\n<p><a href=\"https:\/\/dom-orehovica.hr\/wp-content\/uploads\/2024\/10\/64-redovna-sjednica-Upravnog-vijeca-Doma-za-odrasle-osobe-Orehovica.pdf\">64 redovna sjednica Upravnog vijeca Doma za odrasle osobe Orehovica<\/a><\/p>\n<p><a href=\"https:\/\/dom-orehovica.hr\/wp-content\/uploads\/2024\/10\/63-redovna-sjednica-Upravnog-vijeca-Doma-za-odrasle-osobe-Orehovica.pdf\">63 redovna sjednica Upravnog vijeca Doma za odrasle osobe Orehovica<\/a><\/p>\n<p><a href=\"https:\/\/dom-orehovica.hr\/wp-content\/uploads\/2024\/10\/62-redovna-sjednica-Upravnog-vijeca-Doma-za-odrasle-osobe-Orehovica.pdf\">62 redovna sjednica Upravnog vijeca Doma za odrasle osobe Orehovica<\/a><\/p>\n<p><a href=\"https:\/\/dom-orehovica.hr\/wp-content\/uploads\/2024\/10\/61-redovna-sjednica-Upravnog-vijeca-Doma-za-odrasle-osobe-Orehovica.pdf\">61 redovna sjednica Upravnog vijeca Doma za odrasle osobe Orehovica<\/a><\/p>\n<p><a href=\"https:\/\/dom-orehovica.hr\/wp-content\/uploads\/2024\/04\/60-redovna-sjednica-Upravnog-vijeca-Doma-za-odrasle-osobe-Orehovica.pdf\">60 redovna sjednica Upravnog vijeca Doma za odrasle osobe Orehovica<\/a><\/p>\n<p><a href=\"https:\/\/dom-orehovica.hr\/wp-content\/uploads\/2024\/03\/59-redovna-sjednica-Upravnog-vijeca-Doma-za-odrasle-osobe-Orehovica.pdf\">59 redovna sjednica Upravnog vijeca Doma za odrasle osobe Orehovica<\/a><\/p>\n<p><a href=\"https:\/\/dom-orehovica.hr\/wp-content\/uploads\/2024\/02\/58-redovna-sjednica-Upravnog-vijeca-Doma-za-odrasle-osobe-Orehovica.pdf\">58 redovna sjednica Upravnog vijeca Doma za odrasle osobe Orehovica<\/a><\/p>\n<p><a href=\"https:\/\/dom-orehovica.hr\/wp-content\/uploads\/2024\/01\/57-redovna-sjednica-Upravnog-vijeca-Doma-za-odrasle-osobe-Orehovica.pdf\">57 redovna sjednica Upravnog vijeca Doma za odrasle osobe Orehovica<\/a><\/p>\n<p><em><strong>2023. godina<\/strong><\/em><\/p>\n<p><a href=\"https:\/\/dom-orehovica.hr\/wp-content\/uploads\/2023\/12\/56-redovna-sjednica-Upravnog-vijeca-Doma-za-odrasle-osobe-Orehovica.pdf\">56 redovna sjednica Upravnog vijeca Doma za odrasle osobe Orehovica<\/a><\/p>\n<p><a href=\"https:\/\/dom-orehovica.hr\/wp-content\/uploads\/2023\/12\/54-redovna-sjednica-Upravnog-vijeca-Doma-za-odrasle-osobe-Orehovica.pdf\">54 redovna sjednica Upravnog vijeca Doma za odrasle osobe Orehovica<\/a><\/p>\n<p><a href=\"https:\/\/dom-orehovica.hr\/wp-content\/uploads\/2023\/10\/53-redovna-sjednica-Upravnog-vijeca-Doma-za-odrasle-osobe-Orehovica.pdf\">53 redovna sjednica Upravnog vijeca Doma za odrasle osobe Orehovica<\/a><\/p>\n<p><a href=\"https:\/\/dom-orehovica.hr\/wp-content\/uploads\/2023\/10\/52-redovna-sjednica-Upravnog-vijeca-Doma-za-odrasle-osobe-Orehovica.pdf\">52 redovna sjednica Upravnog vijeca Doma za odrasle osobe Orehovica<\/a><\/p>\n<p><a href=\"https:\/\/dom-orehovica.hr\/wp-content\/uploads\/2023\/09\/51-redovna-sjednica-Upravnog-vijeca-Doma-za-odrasle-osobe-Orehovica.pdf\">51 redovna sjednica Upravnog vijeca Doma za odrasle osobe Orehovica<\/a><\/p>\n<p><a href=\"https:\/\/dom-orehovica.hr\/wp-content\/uploads\/2023\/08\/50-redovna-sjednica-Upravnog-vijeca-Doma-za-odrasle-osobe-Orehovica.pdf\">50 redovna sjednica Upravnog vijeca Doma za odrasle osobe Orehovica<\/a><\/p>\n<p><a href=\"https:\/\/dom-orehovica.hr\/wp-content\/uploads\/2023\/03\/49-redovna-sjednica-Upravnog-vijeca-Doma-za-odrasle-osobe-Orehovica.pdf\">49 redovna sjednica Upravnog vijeca Doma za odrasle osobe Orehovica<\/a><\/p>\n<p><em><strong>2022. godina<\/strong><\/em><\/p>\n<p><a href=\"https:\/\/dom-orehovica.hr\/wp-content\/uploads\/2022\/12\/48-redovna-sjednica-Upravnog-vijeca-Doma-za-odrasle-osobe-Orehovica.pdf\">48 redovna sjednica Upravnog vijeca Doma za odrasle osobe Orehovica<\/a><\/p>\n<p><a href=\"https:\/\/dom-orehovica.hr\/wp-content\/uploads\/2022\/10\/47-redovna-sjednica-Upravnog-vijeca-Doma-za-odrasle-osobe-Orehovica.pdf\">47 redovna sjednica Upravnog vijeca Doma za odrasle osobe Orehovica<\/a><\/p>\n<p><a href=\"https:\/\/dom-orehovica.hr\/wp-content\/uploads\/2022\/10\/46-redovna-sjednica-Upravnog-vijeca-Doma-za-odrasle-osobe-Orehovica.pdf\">46 redovna sjednica Upravnog vijeca Doma za odrasle osobe Orehovica<\/a><\/p>\n<p><a href=\"https:\/\/dom-orehovica.hr\/wp-content\/uploads\/2022\/10\/45-redovna-sjednica-Upravnog-vijeca-Doma-za-odrasle-osobe-Orehovica.pdf\">45 redovna sjednica Upravnog vijeca Doma za odrasle osobe Orehovica<\/a><\/p>\n<p><em><strong>2021. godina<\/strong><\/em><\/p>\n<p><a href=\"https:\/\/dom-orehovica.hr\/wp-content\/uploads\/2022\/01\/44-redovna-sjednica-Upravnog-vijeca-Doma-za-odrasle-osobe-Orehovica.pdf\">44 redovna sjednica Upravnog vijeca Doma za odrasle osobe Orehovica<\/a><\/p>\n<p><a href=\"https:\/\/dom-orehovica.hr\/wp-content\/uploads\/2021\/12\/43-redovna-sjednica-Upravnog-vijeca-Doma-za-odrasle-osobe-Orehovica.pdf\">43 redovna sjednica Upravnog vijeca Doma za odrasle osobe Orehovica<\/a><\/p>\n<p><a href=\"https:\/\/dom-orehovica.hr\/wp-content\/uploads\/2021\/05\/42-redovna-sjednica-Upravnog-vijeca-Doma-za-odrasle-osobe-Orehovica.pdf\">42 redovna sjednica Upravnog vijeca Doma za odrasle osobe Orehovica<\/a><\/p>\n<p><a href=\"https:\/\/dom-orehovica.hr\/wp-content\/uploads\/2021\/04\/41-redovna-sjednica-Upravnog-vijeca-Doma-za-odrasle-osobe-Orehovica.pdf\">41 redovna sjednica Upravnog vijeca Doma za odrasle osobe Orehovica<\/a><\/p>\n<p><a href=\"https:\/\/dom-orehovica.hr\/wp-content\/uploads\/2021\/04\/40-redovna-sjednica-Upravnog-vijeca-Doma-za-odrasle-osobe-Orehovica.pdf\">40 redovna sjednica Upravnog vijeca Doma za odrasle osobe Orehovica<\/a><\/p>\n<p><em><strong>2020. godina<\/strong><\/em><\/p>\n<p><a href=\"http:\/\/dom-orehovica.hr\/wp-content\/uploads\/2020\/11\/39-redovna-sjednica-Upravnog-vijeca-Doma-za-odrasle-osobe-Orehovica.pdf\">39 redovna sjednica Upravnog vijeca Doma za odrasle osobe Orehovica<\/a><\/p>\n<p><a href=\"http:\/\/dom-orehovica.hr\/wp-content\/uploads\/2020\/07\/38-redovna-sjednica-Upravnog-vijeca-Doma-za-odrasle-osobe-Orehovica.pdf\">38 redovna sjednica Upravnog vijeca Doma za odrasle osobe Orehovica<\/a><\/p>\n<p><a href=\"http:\/\/dom-orehovica.hr\/wp-content\/uploads\/2020\/06\/37-redovna-sjednica-Upravnog-vijeca-Doma-za-odrasle-osobe-Orehovica.pdf\">37 redovna sjednica Upravnog vijeca Doma za odrasle osobe Orehovica<\/a><\/p>\n<p><a href=\"http:\/\/dom-orehovica.hr\/wp-content\/uploads\/2020\/06\/36-redovna-sjednica-Upravnog-vijeca-Doma-za-odrasle-osobe-Orehovica.pdf\">36 redovna sjednica Upravnog vijeca Doma za odrasle osobe Orehovica<\/a><\/p>\n<p><a href=\"http:\/\/dom-orehovica.hr\/wp-content\/uploads\/2020\/05\/35-redovna-sjednica-Upravnog-vijeca-Doma-za-odrasle-osobe-Orehovica.pdf\">35 redovna sjednica Upravnog vijeca Doma za odrasle osobe Orehovica<\/a><\/p>\n<p><a href=\"http:\/\/dom-orehovica.hr\/wp-content\/uploads\/2020\/05\/34-redovna-sjednica-Upravnog-vijeca-Doma-za-odrasle-osobe-Orehovica.pdf\">34 redovna sjednica Upravnog vijeca Doma za odrasle osobe Orehovica<\/a><\/p>\n<p><a href=\"http:\/\/dom-orehovica.hr\/wp-content\/uploads\/2020\/05\/33-redovna-sjednica-Upravnog-vijeca-Doma-za-odrasle-osobe-Orehovica.pdf\">33 redovna sjednica Upravnog vijeca Doma za odrasle osobe Orehovica<\/a><\/p>\n<p><a href=\"http:\/\/dom-orehovica.hr\/wp-content\/uploads\/2020\/05\/32-redovna-sjednica-Upravnog-vijeca-Doma-za-odrasle-osobe-Orehovica.pdf\">32 redovna sjednica Upravnog vijeca Doma za odrasle osobe Orehovica<\/a><\/p>\n<p><em><strong>2019. godina<\/strong><\/em><\/p>\n<p><a href=\"http:\/\/dom-orehovica.hr\/wp-content\/uploads\/2019\/12\/Izvjesce-o-31-redovnoj-sjednici-Upravnog-vijeca-Doma-u-2019-godini-\u2013-29112019.pdf\">Izvjesce o 31 redovnoj sjednici Upravnog vijeca Doma u 2019 godini \u2013 29112019<\/a><\/p>\n<p><a href=\"http:\/\/dom-orehovica.hr\/wp-content\/uploads\/2019\/11\/Izvjesce-o-30-redovnoj-sjednici-Upravnog-vijeca-Doma-u-2019-godini-\u2013-06112019.pdf\" target=\"_blank\" rel=\"noopener\">Izvjesce o 30 redovnoj sjednici Upravnog vijeca Doma u 2019 godini \u2013 06112019<\/a><\/p>\n<p><a href=\"http:\/\/dom-orehovica.hr\/wp-content\/uploads\/2019\/08\/Izvjesce-o-29-redovnoj-sjednici-Upravnog-vijeca-Doma-u-2019-godini-\u2013-27082019.pdf\" target=\"_blank\" rel=\"noopener\">Izvjesce o 29 redovnoj sjednici Upravnog vijeca Doma u 2019 godini \u2013 27082019<\/a><\/p>\n<p><a href=\"http:\/\/dom-orehovica.hr\/wp-content\/uploads\/2019\/08\/Izvjesce-o-28-redovnoj-sjednici-Upravnog-vijeca-Doma-u-2019-godini-\u2013-16052019.pdf\" target=\"_blank\" rel=\"noopener\">Izvjesce o 28 redovnoj sjednici Upravnog vijeca Doma u 2019 godini \u2013 16052019<\/a><\/p>\n<p><a href=\"http:\/\/dom-orehovica.hr\/wp-content\/uploads\/2019\/08\/Izvjesce-o-27-redovnoj-sjednici-Upravnog-vijeca-Doma-u-2019-godini-\u2013-06022019.pdf\" target=\"_blank\" rel=\"noopener\">Izvjesce o 27 redovnoj<\/a><a href=\"http:\/\/dom-orehovica.hr\/wp-content\/uploads\/2019\/08\/Izvjesce-o-27-redovnoj-sjednici-Upravnog-vijeca-Doma-u-2019-godini-\u2013-06022019.pdf\"> sjednici<\/a><a href=\"http:\/\/dom-orehovica.hr\/wp-content\/uploads\/2019\/08\/Izvjesce-o-27-redovnoj-sjednici-Upravnog-vijeca-Doma-u-2019-godini-\u2013-06022019.pdf\"> Upravnog vijeca Doma u 2019 godini \u2013 06022019<\/a><\/p>\n<p><em><strong>2018. godina<\/strong><\/em><\/p>\n<p><a href=\"http:\/\/dom-orehovica.hr\/wp-content\/uploads\/2018\/12\/Izvjesce-o-26-redovnoj-sjednici-Upravnog-vijeca-Doma-u-2018-godini-\u2013-21122018.pdf\" target=\"_blank\" rel=\"noopener\">Izvjesce o 26 redovnoj sjednici Upravnog vijeca Doma u 2018 godini \u2013 21122018<\/a><\/p>\n<p><a href=\"http:\/\/dom-orehovica.hr\/wp-content\/uploads\/2018\/12\/Izvjesce-o-25-redovnoj-sjednici-Upravnog-vijeca-Doma-u-2018-05122018.pdf\" target=\"_blank\" rel=\"noopener\">Izvjesce o 25 redovnoj sjednici Upravnog vijeca Doma u 2018 godini &#8211; 05122018<\/a><\/p>\n<p><a href=\"http:\/\/dom-orehovica.hr\/wp-content\/uploads\/2018\/10\/Izvjesce-o-24-redovnoj-sjednici-Upravnog-vijeca-Doma-u-2018-godini_17102018.pdf\" target=\"_blank\" rel=\"noopener\">Izvjesce-o-24-redovnoj-sjednici-Upravnog-vijeca-Doma-u-2018-godini_17102018<\/a><\/p>\n<p><a href=\"http:\/\/dom-orehovica.hr\/wp-content\/uploads\/2018\/07\/Izvjesce-o-23-redovnoj-sjednici-Upravnog-vijeca-Doma-u-2018-godini-\u2013-21_06_2018.pdf\" target=\"_blank\" rel=\"noopener\">Izvjesce o 23 redovnoj sjednici Upravnog vijeca Doma u 2018 godini \u2013 21_06_2018<\/a><\/p>\n<p><a href=\"http:\/\/dom-orehovica.hr\/wp-content\/uploads\/2016\/10\/Izvjesce-o-22-sjednici-Upravnog-vijeca-Doma-u-2018-godini-26022018.pdf\" target=\"_blank\" rel=\"noopener\">Izvjesce o 22 redovnoj sjednici Upravnog vijeca Doma u 2018 godini \u2013 26_02_2018<\/a><\/p>\n<p><em><strong>2017. godina<\/strong><\/em><\/p>\n<p><a href=\"http:\/\/dom-orehovica.hr\/wp-content\/uploads\/2016\/10\/Izvjesce-o-21-redovnoj-sjednici-Upravnog-vijeca-Doma-u-2017-godini-28_12_2017.pdf\" target=\"_blank\" rel=\"noopener\">Izvjesce o 21 redovnoj sjednici Upravnog vijeca Doma u 2017 godini &#8211; 28_12_2017<\/a><\/p>\n<p><a href=\"http:\/\/dom-orehovica.hr\/wp-content\/uploads\/2016\/10\/Izvjesce-o-20-redovnoj-sjednici-Upravnog-vijeca-Doma-u-2017-godini-06_11_2017.pdf\" target=\"_blank\" rel=\"noopener\">Izvjesce o 20 redovnoj sjednici Upravnog vijeca Doma u 2017 godini &#8211; 06_11_2017<\/a><\/p>\n<p><a href=\"http:\/\/dom-orehovica.hr\/web\/wp-content\/uploads\/2016\/02\/19.-redovna-sjednica-Upravnog-vije\u0107a-Doma-za-odrasle-osobe-Orehovica.docx\">19. redovna sjednica Upravnog vije\u0107a Doma za odrasle osobe Orehovica<\/a><\/p>\n<p><a href=\"http:\/\/dom-orehovica.hr\/wp-content\/uploads\/2016\/02\/Izvjesce171.docx\">Izvje\u0161\u0107e o 18. redovnoj sjednici Upravnog vije\u0107a Doma u 2017. godini &#8211; 07.02.2017<\/a><\/p>\n<p><a href=\"http:\/\/dom-orehovica.hr\/wp-content\/uploads\/2016\/02\/Izvjesce171.docx\">Izvje\u0161\u0107e o 17. redovnoj sjednici Upravnog vije\u0107a Doma u 2017. godini &#8211; 30.01.2017.<\/a><\/p>\n<p><strong>2016. godina<\/strong><\/p>\n<p><a href=\"http:\/\/dom-orehovica.hr\/wp-content\/uploads\/2016\/02\/Izvjesce16.docx\">Izvje\u0161\u0107e o 16. redovnoj sjednici Upravnog vije\u0107a Doma u 2016. godini &#8211; 28.12.2016.<\/a><\/p>\n<p><a href=\"http:\/\/dom-orehovica.hr\/wp-content\/uploads\/2016\/02\/Izvjesce15.docx\">Izvje\u0161\u0107e o 15. redovnoj sjednici Upravnog vije\u0107a Doma u 2016. godini &#8211; 27.10.2016.<\/a><\/p>\n<p><a href=\"http:\/\/dom-orehovica.hr\/wp-content\/uploads\/2016\/02\/Izvjesce14.docx\">Izvje\u0161\u0107e o 14. izvanrednoj sjednici Upravnog vije\u0107a Doma u 2016. godini &#8211; 30.06.2016.<\/a><\/p>\n<p><a href=\"http:\/\/dom-orehovica.hr\/wp-content\/uploads\/2016\/02\/Izvjesce13.docx\">Izvje\u0161\u0107e o 13. redovnoj sjednici Upravnog vije\u0107a Doma u 2016. godini &#8211; 09.06.2016.<\/a><\/p>\n<p><a href=\"http:\/\/dom-orehovica.hr\/wp-content\/uploads\/2016\/02\/Izvjesce12.docx\">Izvje\u0161\u0107e o 12. redovnoj sjednici Upravnog vije\u0107a Doma u 2016. godini &#8211; 11.05.2016.<\/a><\/p>\n<p><a href=\"http:\/\/dom-orehovica.hr\/wp-content\/uploads\/2016\/02\/Izvjesce11.docx\">Izvje\u0161\u0107e o 11. redovnoj sjednici Upravnog vije\u0107a Doma u 2016. godini &#8211; 15.04.2016.<\/a><\/p>\n<p><a href=\"http:\/\/dom-orehovica.hr\/wp-content\/uploads\/2016\/02\/Izvjesce10.docx\">Izvje\u0161\u0107e o 10. redovnoj sjednici Upravnog vije\u0107a Doma u 2016. godini &#8211; 07.04.2016.<\/a><\/p>\n<div><a href=\"http:\/\/dom-orehovica.hr\/wp-content\/uploads\/2016\/02\/izvjesce9.docx\">Izvje\u0161\u0107e o 9. redovnoj sjednici Upravnog vije\u0107a Doma u 2016. godini &#8211;&nbsp;11.03.2016.<\/a><\/div>\n<div>&nbsp;<\/div>\n<div><a href=\"http:\/\/dom-orehovica.hr\/wp-content\/uploads\/2016\/02\/Izvjesce-z-web-stranicu8.docx\">Izvje\u0161\u0107e o 8. redovnoj sjednici Upravnog vije\u0107a Doma u 2016. godini &#8211;&nbsp;01.02.2016.<\/a><\/div>\n<p><em><strong>2015. godina<\/strong><\/em><\/p>\n<p><a href=\"http:\/\/dom-orehovica.hr\/wp-content\/uploads\/2012\/02\/Izvjesce09022015.docx\">Izvje\u0161\u0107e o 1. redovnoj sjednici Upravnog vije\u0107a Doma u 2015. godini &#8211; 09.02.2015.<\/a><\/p>\n<p><a href=\"http:\/\/dom-orehovica.hr\/wp-content\/uploads\/2012\/02\/Izvjesce-z-web-stranicu.docx\">Izvje\u0161\u0107e o 2. redovnoj sjednici Upravnog vije\u0107a Doma u 2015. godini &#8211; 02.04.2015.<\/a><\/p>\n<p><a href=\"http:\/\/dom-orehovica.hr\/wp-content\/uploads\/2012\/02\/Izvje1.docx\">Izvje\u0161\u0107e o 3. redovnoj sjednici Upravnog vije\u0107a Doma u 2015. godini &#8211; 28.04.2015.<\/a><\/p>\n<p><a href=\"http:\/\/dom-orehovica.hr\/wp-content\/uploads\/2012\/02\/Izvjesce8.5.15.docx\">Izvje\u0161\u0107e o 4. redovnoj sjednici Upravnog vije\u0107a Doma u 2015. godini &#8211; 08.05.2015.<\/a><\/p>\n<p><a href=\"http:\/\/dom-orehovica.hr\/wp-content\/uploads\/2012\/02\/Izvjesce12.5.15.docx\">Izvje\u0161\u0107e o 5. redovnoj sjednici Upravnog vije\u0107a Doma u 2015. godini &#8211; 12.05.2015<\/a>.<\/p>\n<p><a href=\"http:\/\/dom-orehovica.hr\/wp-content\/uploads\/2012\/02\/Izvjesce07092015.docx\">Izvje\u0161\u0107e o 6. redovnoj sjednici Upravnog vije\u0107a Doma u 2015. godini &#8211;&nbsp;07.09.2015<\/a>.<\/p>\n<p><a href=\"http:\/\/dom-orehovica.hr\/wp-content\/uploads\/2016\/02\/Izvjesce-z-web-stranicu.docx\">Izvje\u0161\u0107e o 7. redovnoj sjednici Upravnog vije\u0107a Doma u 2015. godini &#8211;&nbsp;08.12.2015.<\/a><\/p>\n<p><em><strong>2014. godina<\/strong><\/em><\/p>\n<p><a href=\"http:\/\/dom-orehovica.hr\/wp-content\/uploads\/2014\/02\/Obavijest-o-1.-sjednici-web-stranica-Doma.pdf\">Izvje\u0161\u0107e o 1. redovnoj sjednici Upravnog vije\u0107a Doma u 2014. godini &#8211; 16.01.2014.<\/a><\/p>\n<p><a href=\"http:\/\/dom-orehovica.hr\/wp-content\/uploads\/2012\/02\/Obavijest-o-2.-redovnoj-sjednici-Upravnog-vijeca-21.2.2014..pdf\">Izvje\u0161\u0107e o 2. redovnoj sjednici Upravnog vije\u0107a Doma u 2014. godini &#8211; 21.02.2014.<\/a><\/p>\n<p><a href=\"http:\/\/dom-orehovica.hr\/wp-content\/uploads\/2012\/02\/Izvjesce-o-3.-redovnoj-sjednici-Upravnog-vijeca1.pdf\">Izvje\u0161\u0107e o 3. redovnoj sjednici Upravnog vije\u0107a Doma u 2014. godini &#8211; 19.03.2014.<\/a><\/p>\n<p><a href=\"http:\/\/dom-orehovica.hr\/wp-content\/uploads\/2012\/02\/Izvijesce-o-4.-redovnoj-sjednici-Upravnog-vijeca-Doma-u-2014.-godini.pdf\">Izvje\u0161\u0107e o 4. redovnoj sjednici Upravnog vije\u0107a Doma u 2014. godini &#8211; 08.04.2014.<\/a><\/p>\n<p><a href=\"http:\/\/dom-orehovica.hr\/wp-content\/uploads\/2012\/02\/Izvijesce-sa-5.-sjednice-Upravnog-vijeca-doma1.pdf\">Izvje\u0161\u0107e o 5. redovnoj sjednici Upravnog vije\u0107a Doma u 2014. godini &#8211; 11.04.2014.<\/a><\/p>\n<p><a href=\"http:\/\/dom-orehovica.hr\/wp-content\/uploads\/2012\/02\/Izvjesce-z-web-stranicu-4.-docx2.pdf\">Izvje\u0161\u0107e o 6. redovnoj sjednici Upravnog vije\u0107a Doma u 2014. godini &#8211; 14.05.2014.<\/a><\/p>\n<p><a href=\"http:\/\/dom-orehovica.hr\/wp-content\/uploads\/2012\/02\/izvijesce1.pdf\">Izvje\u0161\u0107e o 7. redovnoj sjednici Upravnog vije\u0107a Doma u 2014. godini &#8211; 04.11.2014.<\/a><\/p>\n<p>I<a href=\"http:\/\/dom-orehovica.hr\/wp-content\/uploads\/2012\/02\/izvjesce111214.docx\">zvje\u0161\u0107e o 8. redovnoj sjednici Upravnog vije\u0107a Doma u 2014. godini &#8211; 11.12.2014<\/a>.<\/p>\n<p>&nbsp;<\/p>\n","protected":false},"excerpt":{"rendered":"<p>2024. godina 7 redovna sjednica Upravnog vijeca Doma za odrasle osobe Orehovica 6 redovna sjednica Upravnog vijeca Doma za odrasle osobe Orehovica 5 redovna sjednica Upravnog vijeca Doma za odrasle osobe Orehovica 4 redovna sjednica Upravnog vijeca Doma za odrasle osobe Orehovica 3 redovna sjednica Upravnog vijeca Doma za odrasle osobe Orehovica 2 redovna sjednica&hellip;<\/p>\n","protected":false},"author":3,"featured_media":0,"parent":741,"menu_order":5,"comment_status":"closed","ping_status":"open","template":"","meta":{"ngg_post_thumbnail":0,"footnotes":""},"_links":{"self":[{"href":"https:\/\/dom-orehovica.hr\/index.php?rest_route=\/wp\/v2\/pages\/868"}],"collection":[{"href":"https:\/\/dom-orehovica.hr\/index.php?rest_route=\/wp\/v2\/pages"}],"about":[{"href":"https:\/\/dom-orehovica.hr\/index.php?rest_route=\/wp\/v2\/types\/page"}],"author":[{"embeddable":true,"href":"https:\/\/dom-orehovica.hr\/index.php?rest_route=\/wp\/v2\/users\/3"}],"replies":[{"embeddable":true,"href":"https:\/\/dom-orehovica.hr\/index.php?rest_route=%2Fwp%2Fv2%2Fcomments&post=868"}],"version-history":[{"count":53,"href":"https:\/\/dom-orehovica.hr\/index.php?rest_route=\/wp\/v2\/pages\/868\/revisions"}],"predecessor-version":[{"id":4494,"href":"https:\/\/dom-orehovica.hr\/index.php?rest_route=\/wp\/v2\/pages\/868\/revisions\/4494"}],"up":[{"embeddable":true,"href":"https:\/\/dom-orehovica.hr\/index.php?rest_route=\/wp\/v2\/pages\/741"}],"wp:attachment":[{"href":"https:\/\/dom-orehovica.hr\/index.php?rest_route=%2Fwp%2Fv2%2Fmedia&parent=868"}],"curies":[{"name":"wp","href":"https:\/\/api.w.org\/{rel}","templated":true}]}}