{"id":741,"date":"2016-02-02T13:43:04","date_gmt":"2016-02-02T12:43:04","guid":{"rendered":"http:\/\/dom-orehovica.hr\/web\/?page_id=741"},"modified":"2026-03-09T17:50:37","modified_gmt":"2026-03-09T16:50:37","slug":"upravno-vijece","status":"publish","type":"page","link":"https:\/\/dom-orehovica.hr\/?page_id=741","title":{"rendered":"Upravno vije\u0107e"},"content":{"rendered":"<p>&nbsp;<\/p>\n<p style=\"text-align: left;\"><strong>UPRAVNO VIJE\u0106E<\/strong><\/p>\n<p>\u010clanovi Upravnog vije\u0107a Doma su:<\/p>\n<ol>\n<li>Marijana Cerovec,&nbsp;mag. prim. educ. \u2013 predsjednica \u2013&nbsp;predstavnica osniva\u010da<\/li>\n<li>Robert Grudi\u0107,&nbsp; dr. med. spec. op\u0107e kirurgije, spec. ortopedije i traumatologije, subspc. Traumatologije \u2013 zamjenik predsjednice \u2013 predstavnik osniva\u010da<\/li>\n<li>Mirna \u0106ori\u0107, dipl. oec. \u2013 predstavnica osniva\u010da<\/li>\n<li>Ivana Sinkovi\u0107, mag.&nbsp;act.&nbsp;soc. \u2013 predstavnica korisnika<\/li>\n<li>Maja Blagus, dipl. soc. radnica \u2013 predstavnica radnika<\/li>\n<\/ol>\n<p style=\"text-align: left;\"><a href=\"https:\/\/dom-orehovica.hr\/wp-content\/uploads\/2022\/11\/Poslovnik-o-radu-UV-a_15042021.pdf\"><span style=\"text-decoration: underline; color: #3366ff;\"><em>Poslovnik o radu UV-a_15042021<\/em><\/span><\/a>&nbsp;(doc)<\/p>\n<p>&nbsp;<\/p>\n","protected":false},"excerpt":{"rendered":"<p>&nbsp; UPRAVNO VIJE\u0106E \u010clanovi Upravnog vije\u0107a Doma su: Marijana Cerovec,&nbsp;mag. prim. educ. \u2013 predsjednica \u2013&nbsp;predstavnica osniva\u010da Robert Grudi\u0107,&nbsp; dr. med. spec. op\u0107e kirurgije, spec. ortopedije i traumatologije, subspc. Traumatologije \u2013 zamjenik predsjednice \u2013 predstavnik osniva\u010da Mirna \u0106ori\u0107, dipl. oec. \u2013 predstavnica osniva\u010da Ivana Sinkovi\u0107, mag.&nbsp;act.&nbsp;soc. \u2013 predstavnica korisnika Maja Blagus, dipl. soc. radnica \u2013 predstavnica&hellip;<\/p>\n","protected":false},"author":3,"featured_media":0,"parent":1231,"menu_order":1,"comment_status":"closed","ping_status":"open","template":"","meta":{"ngg_post_thumbnail":0,"footnotes":""},"_links":{"self":[{"href":"https:\/\/dom-orehovica.hr\/index.php?rest_route=\/wp\/v2\/pages\/741"}],"collection":[{"href":"https:\/\/dom-orehovica.hr\/index.php?rest_route=\/wp\/v2\/pages"}],"about":[{"href":"https:\/\/dom-orehovica.hr\/index.php?rest_route=\/wp\/v2\/types\/page"}],"author":[{"embeddable":true,"href":"https:\/\/dom-orehovica.hr\/index.php?rest_route=\/wp\/v2\/users\/3"}],"replies":[{"embeddable":true,"href":"https:\/\/dom-orehovica.hr\/index.php?rest_route=%2Fwp%2Fv2%2Fcomments&post=741"}],"version-history":[{"count":13,"href":"https:\/\/dom-orehovica.hr\/index.php?rest_route=\/wp\/v2\/pages\/741\/revisions"}],"predecessor-version":[{"id":4492,"href":"https:\/\/dom-orehovica.hr\/index.php?rest_route=\/wp\/v2\/pages\/741\/revisions\/4492"}],"up":[{"embeddable":true,"href":"https:\/\/dom-orehovica.hr\/index.php?rest_route=\/wp\/v2\/pages\/1231"}],"wp:attachment":[{"href":"https:\/\/dom-orehovica.hr\/index.php?rest_route=%2Fwp%2Fv2%2Fmedia&parent=741"}],"curies":[{"name":"wp","href":"https:\/\/api.w.org\/{rel}","templated":true}]}}