{"id":630,"date":"2015-02-10T13:49:37","date_gmt":"2015-02-10T12:49:37","guid":{"rendered":"http:\/\/dom-orehovica.hr\/web\/?page_id=630"},"modified":"2024-08-06T17:11:22","modified_gmt":"2024-08-06T15:11:22","slug":"fiskalna-odgovornost","status":"publish","type":"page","link":"https:\/\/dom-orehovica.hr\/?page_id=630","title":{"rendered":"Godi\u0161nja financijska izvje\u0161\u0107a"},"content":{"rendered":"<p><strong>Izvje\u0161taj o polugodi\u0161njem izvr\u0161enju prora\u010duna i financijskog plana za 2024. godinu<\/strong> (objava 06.08.2024.):<\/p>\n<p><span style=\"text-decoration: underline; color: #3366ff;\"><em><a style=\"color: #3366ff; text-decoration: underline;\" href=\"https:\/\/dom-orehovica.hr\/wp-content\/uploads\/2024\/08\/IZVJESTAJ-O-POLUGODISNJEM-IZVRsENJU-PRORAcUNA-2024.pdf\">IZVJESTAJ O POLUGODISNJEM IZVRSENJU PRORACUNA 2024<\/a><\/em><\/span>&nbsp;(pdf)<\/p>\n<p><span style=\"text-decoration: underline; color: #3366ff;\"><em><a style=\"color: #3366ff; text-decoration: underline;\" href=\"https:\/\/dom-orehovica.hr\/wp-content\/uploads\/2024\/08\/ODLUKA-IZVJESTAJ-O-POLUGODISNJEM-IZVRsENJU-PRORAcUNA-2024.pdf\">ODLUKA &#8211; IZVJESTAJ O POLUGODISNJEM IZVRsENJU PRORAcUNA 2024<\/a><\/em><\/span>&nbsp;(pdf)<\/p>\n<p><strong>Izvr\u0161enje Financijskog plana za 2023. godinu<\/strong> (objava 31.3.2024.):<\/p>\n<p><span style=\"text-decoration: underline; color: #3366ff;\"><em><a style=\"color: #3366ff; text-decoration: underline;\" href=\"https:\/\/dom-orehovica.hr\/wp-content\/uploads\/2024\/03\/Izvjestaj-o-Izvrsenju-Financijskog-plana-za-2023-godinu.pdf\">Izvjestaj o Izvrsenju Financijskog plana za 2023 godinu<\/a><\/em><\/span>&nbsp;(pdf)<\/p>\n<p><strong>Financijska izvje\u0161\u0107a za 2023. g. <\/strong>(objava 05.02.2024.)<\/p>\n<p><a href=\"https:\/\/dom-orehovica.hr\/wp-content\/uploads\/2024\/02\/Godisnje-financijsko-izvjesce-za-2023-godinu.xlsx\"><span style=\"text-decoration: underline; color: #3366ff;\"><em>Godisnje financijsko izvjesce za 2023 godinu<\/em><\/span><\/a>&nbsp;(xlsx)<\/p>\n<p><a href=\"https:\/\/dom-orehovica.hr\/wp-content\/uploads\/2024\/02\/Biljeske-uz-Godisnje-financijsko-izvjesce-za-2022-godinu.pdf\"><span style=\"text-decoration: underline; color: #3366ff;\"><em>Biljeske uz Godisnje financijsko izvjesce za 2022 godinu<\/em><\/span><\/a>&nbsp;(pdf)<\/p>\n<p><strong>Financijska izvje\u0161\u0107a za 2022. g.<\/strong><\/p>\n<p><a href=\"https:\/\/dom-orehovica.hr\/wp-content\/uploads\/2023\/01\/Godisnje-financijsko-izvjesce-za-2022-godinu.xlsx\"><span style=\"text-decoration: underline; color: #3366ff;\"><em>Godisnje financijsko izvjesce za 2022 godinu<\/em><\/span><\/a>&nbsp;(xlsx)<\/p>\n<p><a href=\"https:\/\/dom-orehovica.hr\/wp-content\/uploads\/2023\/01\/Biljeske-uz-Godisnje-financijsko-izvjesce-za-2022-godinu.pdf\"><span style=\"text-decoration: underline; color: #3366ff;\"><em>Biljeske uz Godisnje financijsko izvjesce za 2022 godinu<\/em><\/span><\/a>&nbsp;(pdf)<\/p>\n<p><span style=\"text-decoration: underline; color: #3366ff;\"><em><a style=\"color: #3366ff; text-decoration: underline;\" href=\"https:\/\/dom-orehovica.hr\/wp-content\/uploads\/2023\/01\/Ref-stranica-1-12-2022.pdf\">Ref stranica 1-12 2022<\/a><\/em><\/span>&nbsp;(pdf)<\/p>\n<p><strong>Financijska izvje\u0161\u0107a za 2021. g.<\/strong><\/p>\n<p><a href=\"https:\/\/dom-orehovica.hr\/wp-content\/uploads\/2022\/01\/Godisnje-financijsko-izvjesce-za-2021-godinu.xlsx\"><span style=\"text-decoration: underline; color: #3366ff;\"><em>Godisnje financijsko izvjesce za 2021 godinu<\/em><\/span><\/a>&nbsp;(xls)<\/p>\n<p><a href=\"https:\/\/dom-orehovica.hr\/wp-content\/uploads\/2022\/01\/Biljeske-uz-Godisnje-financijsko-izvjesce-za-2021-godinu.pdf\"><span style=\"text-decoration: underline; color: #3366ff;\"><em>Biljeske uz Godisnje financijsko izvjesce za 2021 godinu<\/em><\/span><\/a>&nbsp;(pdf)<\/p>\n<p><strong>Financijska izvje\u0161\u0107a za 2020. g.<\/strong><\/p>\n<p><a href=\"https:\/\/dom-orehovica.hr\/wp-content\/uploads\/2021\/02\/Godisnje-Financijsko-izvjesce-za-2020-godinu.xlsx\"><span style=\"text-decoration: underline; color: #3366ff;\"><em>Godisnje Financijsko izvjesce za 2020 godinu<\/em><\/span><\/a>&nbsp;(xls)<\/p>\n<p><a href=\"https:\/\/dom-orehovica.hr\/wp-content\/uploads\/2021\/02\/Biljeske-uz-Godisnje-Financijsko-izvjesce-za-2020-godinu.pdf\"><span style=\"text-decoration: underline; color: #3366ff;\"><em>Biljeske uz Godisnje Financijsko izvjesce za 2020 godinu<\/em><\/span><\/a>&nbsp;(pdf)<\/p>\n<p><strong>Financijska izvje\u0161\u0107a za 2019. g.<\/strong><\/p>\n<p><a href=\"http:\/\/dom-orehovica.hr\/wp-content\/uploads\/2020\/02\/Godisnje-financijsko-izvjesce-2019.xls\" target=\"_blank\" rel=\"noopener\"><span style=\"text-decoration: underline; color: #3366ff;\"><em>Godisnje financijsko izvjesce za 2019<\/em><\/span><\/a>&nbsp;(xls)<\/p>\n<p><a href=\"http:\/\/dom-orehovica.hr\/wp-content\/uploads\/2020\/02\/Biljeske-uz-Godisnje-financijsko-izvjesce-2019.pdf\" target=\"_blank\" rel=\"noopener\"><span style=\"text-decoration: underline; color: #3366ff;\"><em>Biljeske uz Godisnje financijsko izvjesce 2019<\/em><\/span><\/a>&nbsp;(pdf)<\/p>\n<p><span style=\"text-decoration: underline; color: #3366ff;\"><em><a style=\"color: #3366ff; text-decoration: underline;\" href=\"http:\/\/dom-orehovica.hr\/wp-content\/uploads\/2020\/02\/Odluka-UV-o-prihvacanju-Godisnje-financijsko-izvjesce-2019.pdf\" target=\"_blank\" rel=\"noopener\">Odluka UV o prihvacanju &#8211; Godisnje financijsko izvjesce 2019<\/a><\/em><\/span>&nbsp;(pdf)<\/p>\n<p><strong>Financijska izvje\u0161\u0107a za 2018. g.<\/strong><\/p>\n<p><span style=\"text-decoration: underline; color: #3366ff;\"><em><a style=\"color: #3366ff; text-decoration: underline;\" href=\"http:\/\/dom-orehovica.hr\/wp-content\/uploads\/2019\/02\/Godisnje-financijsko-izvjesce-2018.xls\">Godisnje financijsko izvjesce za 2018<\/a><\/em><\/span>&nbsp;(xls)<\/p>\n<p><em><a href=\"http:\/\/dom-orehovica.hr\/wp-content\/uploads\/2019\/02\/Biljeske-uz-Godisnje-financijsko-izvjesce-2018.pdf\" target=\"_blank\" rel=\"noopener\"><span style=\"text-decoration: underline; color: #3366ff;\">Biljeske uz Godisnje financijsko izvjesce 2018<\/span><\/a><\/em>&nbsp;(pdf)<\/p>\n<p><strong>Financijska izvje\u0161\u0107a za 2017. g.<\/strong><\/p>\n<p><span style=\"text-decoration: underline; color: #3366ff;\"><em><a href=\"http:\/\/dom-orehovica.hr\/wp-content\/uploads\/2015\/02\/Godisnje-financijsko-izvjesce-2017.xls\" target=\"_blank\" rel=\"noopener\"><span style=\"color: #3366ff; text-decoration: underline;\">Godisnje financijsko izvjesce za 2017<\/span><\/a><\/em><\/span>&nbsp;(xls)<\/p>\n<p><span style=\"text-decoration: underline; color: #3366ff;\"><em><a href=\"http:\/\/dom-orehovica.hr\/wp-content\/uploads\/2015\/02\/Biljeske-uz-Godisnje-financijsko-izvjesce-2017.pdf\" target=\"_blank\" rel=\"noopener\"><span style=\"color: #3366ff; text-decoration: underline;\">Biljeske uz Godisnje financijsko izvjesce 2017<\/span><\/a><\/em><\/span>&nbsp;(pdf)<\/p>\n<p><strong>Financijska izvje\u0161\u0107a za 2016. g.<\/strong><\/p>\n<p><span style=\"text-decoration: underline; color: #3366ff;\"><em><a href=\"http:\/\/dom-orehovica.hr\/wp-content\/uploads\/2015\/02\/Godisnje-financijsko-izvjesce-2016.xls\" target=\"_blank\" rel=\"noopener\"><span style=\"color: #3366ff; text-decoration: underline;\">Godisnje financijsko izvjesce za 2016<\/span><\/a><\/em><\/span>&nbsp;(xls)<\/p>\n<p><span style=\"text-decoration: underline; color: #3366ff;\"><em><a href=\"http:\/\/dom-orehovica.hr\/wp-content\/uploads\/2015\/02\/Biljeske-uz-financijsko-izvjesce-2016.pdf\" target=\"_blank\" rel=\"noopener\"><span style=\"color: #3366ff; text-decoration: underline;\">Biljeske uz financijsko izvjesce 2016<\/span><\/a><\/em><\/span>&nbsp;(pdf)<\/p>\n<p><strong>Financijska izvje\u0161\u0107a za 2015. g.<\/strong><\/p>\n<p><span style=\"color: #3366ff;\"><span style=\"text-decoration: underline;\"><em><span style=\"text-decoration: underline;\"><a href=\"http:\/\/dom-orehovica.hr\/wp-content\/uploads\/2015\/02\/IZVJESTAJ-31.12.2015.xls\" target=\"_blank\" rel=\"noopener\"><span style=\"color: #3366ff; text-decoration: underline;\">IZVJESTAJ 31.12.2015<\/span><\/a><\/span><\/em><\/span><span style=\"text-decoration: underline;\"><em><span style=\"text-decoration: underline;\">&nbsp;<\/span><\/em><\/span><\/span><span style=\"color: #000000;\">(xls)<\/span><\/p>\n<p><span style=\"text-decoration: underline; color: #3366ff;\"><em><span style=\"text-decoration: underline;\"><a href=\"http:\/\/dom-orehovica.hr\/wp-content\/uploads\/2015\/02\/BILJESKE-UZ-OBRASCE-BIL.-I-PR-RAS-ZAVRSNI-2015.doc\" target=\"_blank\" rel=\"noopener\"><span style=\"color: #3366ff; text-decoration: underline;\">BILJESKE UZ OBRASCE( BIL. I PR-RAS) ZAVRSNI 2015<\/span><\/a>&nbsp;<\/span><\/em><\/span><span style=\"color: #000000;\">(doc)<\/span><\/p>\n<p><strong>Financijska izvje\u0161\u0107a za 2014. g.&nbsp;<\/strong><\/p>\n<p><span style=\"text-decoration: underline; color: #3366ff;\"><em><span style=\"text-decoration: underline;\"><a href=\"http:\/\/dom-orehovica.hr\/wp-content\/uploads\/2015\/02\/ZAVRSNI-RACUN-2014-OBRASCI.xls\" target=\"_blank\" rel=\"noopener\"><span style=\"color: #3366ff; text-decoration: underline;\">ZAVRSNI RACUN 2014 OBRASCI<\/span><\/a>&nbsp;<\/span><\/em><\/span><span style=\"color: #000000;\">(xls)<\/span><\/p>\n","protected":false},"excerpt":{"rendered":"<p>Izvje\u0161taj o polugodi\u0161njem izvr\u0161enju prora\u010duna i financijskog plana za 2024. godinu (objava 06.08.2024.): IZVJESTAJ O POLUGODISNJEM IZVRSENJU PRORACUNA 2024&nbsp;(pdf) ODLUKA &#8211; IZVJESTAJ O POLUGODISNJEM IZVRsENJU PRORAcUNA 2024&nbsp;(pdf) Izvr\u0161enje Financijskog plana za 2023. godinu (objava 31.3.2024.): Izvjestaj o Izvrsenju Financijskog plana za 2023 godinu&nbsp;(pdf) Financijska izvje\u0161\u0107a za 2023. g. (objava 05.02.2024.) Godisnje financijsko izvjesce za 2023&hellip;<\/p>\n","protected":false},"author":3,"featured_media":0,"parent":1231,"menu_order":15,"comment_status":"closed","ping_status":"open","template":"","meta":{"ngg_post_thumbnail":0,"footnotes":""},"_links":{"self":[{"href":"https:\/\/dom-orehovica.hr\/index.php?rest_route=\/wp\/v2\/pages\/630"}],"collection":[{"href":"https:\/\/dom-orehovica.hr\/index.php?rest_route=\/wp\/v2\/pages"}],"about":[{"href":"https:\/\/dom-orehovica.hr\/index.php?rest_route=\/wp\/v2\/types\/page"}],"author":[{"embeddable":true,"href":"https:\/\/dom-orehovica.hr\/index.php?rest_route=\/wp\/v2\/users\/3"}],"replies":[{"embeddable":true,"href":"https:\/\/dom-orehovica.hr\/index.php?rest_route=%2Fwp%2Fv2%2Fcomments&post=630"}],"version-history":[{"count":16,"href":"https:\/\/dom-orehovica.hr\/index.php?rest_route=\/wp\/v2\/pages\/630\/revisions"}],"predecessor-version":[{"id":4045,"href":"https:\/\/dom-orehovica.hr\/index.php?rest_route=\/wp\/v2\/pages\/630\/revisions\/4045"}],"up":[{"embeddable":true,"href":"https:\/\/dom-orehovica.hr\/index.php?rest_route=\/wp\/v2\/pages\/1231"}],"wp:attachment":[{"href":"https:\/\/dom-orehovica.hr\/index.php?rest_route=%2Fwp%2Fv2%2Fmedia&parent=630"}],"curies":[{"name":"wp","href":"https:\/\/api.w.org\/{rel}","templated":true}]}}