{"id":2411,"date":"2020-02-24T13:23:45","date_gmt":"2020-02-24T12:23:45","guid":{"rendered":"http:\/\/dom-orehovica.hr\/?page_id=2411"},"modified":"2026-03-09T17:49:12","modified_gmt":"2026-03-09T16:49:12","slug":"planovi-i-izvjesca-o-radu","status":"publish","type":"page","link":"https:\/\/dom-orehovica.hr\/?page_id=2411","title":{"rendered":"Planovi i Izvje\u0161\u0107a o radu"},"content":{"rendered":"<p><strong>Planovi i programi rada te Izvje\u0161\u0107a o radu Doma za odrasle osobe Orehovica:<\/strong><\/p>\n<p>&nbsp;<\/p>\n<p><strong>Godi\u0161nji planovi i programi rada<\/strong><\/p>\n<p><span style=\"text-decoration: underline; color: #3366ff;\"><em><span style=\"color: #3366ff; text-decoration: underline;\"><a style=\"color: #3366ff; text-decoration: underline;\" href=\"https:\/\/dom-orehovica.hr\/wp-content\/uploads\/2025\/12\/GODISNJI-PLAN-RADA-I-PROGRAM-RAZVOJA-DOMA-OREHOVICA-ZA-2026-GODINU.pdf\">GODISNJI PLAN RADA I PROGRAM RAZVOJA DOMA OREHOVICA ZA 2026 GODINU<\/a><\/span><\/em><\/span><\/p>\n<p><span style=\"text-decoration: underline; color: #3366ff;\"><em><a style=\"color: #3366ff; text-decoration: underline;\" href=\"https:\/\/dom-orehovica.hr\/wp-content\/uploads\/2025\/03\/Plan_i_program_rada_Doma Orehovica_za_2025_godinu.pdf\">Plan i program rada Doma Orehovica za 2025. godinu<\/a><\/em><\/span><\/p>\n<p><span style=\"text-decoration: underline; color: #3366ff;\"><em><a style=\"color: #3366ff; text-decoration: underline;\" href=\"https:\/\/dom-orehovica.hr\/wp-content\/uploads\/2024\/05\/Pla-i-program-rada-Doma-Orehovica-za-2024.-godinu.pdf\">Plan i program rada Doma Orehovica za 2024. godinu<\/a><\/em><\/span><\/p>\n<p><span style=\"text-decoration: underline; color: #3366ff;\"><em><span style=\"color: #3366ff; text-decoration: underline;\"><a style=\"color: #3366ff; text-decoration: underline;\" href=\"https:\/\/dom-orehovica.hr\/wp-content\/uploads\/2023\/04\/Plan-i-program-rada-Doma-Orehovica-za-2023-godinu.pdf\">Plan i program rada Doma Orehovica za 2023 godinu<\/a><\/span><\/em><\/span><\/p>\n<p><span style=\"text-decoration: underline; color: #3366ff;\"><em><span style=\"color: #3366ff; text-decoration: underline;\"><a style=\"color: #3366ff; text-decoration: underline;\" href=\"https:\/\/dom-orehovica.hr\/wp-content\/uploads\/2022\/03\/Plan-i-program-rada-Doma-Orehovica-za-2022-godinu.pdf\">Plan i program rada Doma Orehovica za 2022 godinu<\/a><\/span><\/em><\/span><\/p>\n<p><span style=\"text-decoration: underline; color: #3366ff;\"><em><a style=\"color: #3366ff; text-decoration: underline;\" href=\"http:\/\/dom-orehovica.hr\/wp-content\/uploads\/2020\/05\/Plan-i-program-rada-Doma-Orehovica-za-2020-godinu.pdf\">Plan i program rada Doma Orehovica za 2020 godinu<\/a><\/em><\/span><\/p>\n<p><a href=\"http:\/\/dom-orehovica.hr\/wp-content\/uploads\/2019\/03\/Plan_i_program_rada_Doma_Orehovica_za_2019.pdf\" target=\"_blank\" rel=\"noopener\"><span style=\"text-decoration: underline; color: #3366ff;\"><em>Plan i program rada Doma Orehovica za 2019 godinu<\/em><\/span><\/a><\/p>\n<p><strong>Izvje\u0161\u0107a o radu<\/strong><\/p>\n<p><span style=\"text-decoration: underline; color: #3366ff;\"><em><span style=\"color: #3366ff; text-decoration: underline;\"><a style=\"color: #3366ff; text-decoration: underline;\" href=\"https:\/\/dom-orehovica.hr\/wp-content\/uploads\/2026\/03\/Izvjesce-o-radu-za-2025-godinu.pdf\">Izvjesce o radu za 2025 godinu<\/a><\/span><\/em><\/span><\/p>\n<p><span style=\"text-decoration: underline; color: #3366ff;\"><em><span style=\"color: #3366ff; text-decoration: underline;\"><a style=\"color: #3366ff; text-decoration: underline;\" href=\"https:\/\/dom-orehovica.hr\/wp-content\/uploads\/2025\/03\/Izvjesce-o-radu-za-2024-godinu.pdf\">Izvjesce o radu za 2024 godinu<\/a><\/span><\/em><\/span><\/p>\n<p><span style=\"text-decoration: underline; color: #3366ff;\"><em><a style=\"color: #3366ff; text-decoration: underline;\" href=\"https:\/\/dom-orehovica.hr\/wp-content\/uploads\/2024\/05\/Izvjesce-o-radu-za-2023.-godinu.pdf\">Izvjesce o radu za 2023. godinu<\/a><\/em><\/span><\/p>\n<p><span style=\"text-decoration: underline; color: #3366ff;\"><em><span style=\"color: #3366ff;\"><a style=\"color: #3366ff; text-decoration: underline;\" href=\"https:\/\/dom-orehovica.hr\/wp-content\/uploads\/2023\/02\/Izvjesce-o-radu-za-2022-godinu.pdf\">Izvjesce o radu za 2022 godinu<\/a><\/span><\/em><\/span><\/p>\n<p><span style=\"text-decoration: underline; color: #3366ff;\"><em><a style=\"color: #3366ff; text-decoration: underline;\" href=\"https:\/\/dom-orehovica.hr\/wp-content\/uploads\/2022\/03\/Izvjesce-o-radu-za-2021-godinu.pdf\">Izvjesce o radu za 2021 godinu<\/a><\/em><\/span><\/p>\n<p><a href=\"http:\/\/dom-orehovica.hr\/wp-content\/uploads\/2019\/02\/Izvjesce_o_radu_za_2018_godinu.pdf\" target=\"_blank\" rel=\"noopener\"><span style=\"text-decoration: underline; color: #3366ff;\"><em>Izvje\u0161\u0107e o radu za 2018. godinu<\/em><\/span><\/a><\/p>\n<p>&nbsp;<\/p>\n","protected":false},"excerpt":{"rendered":"<p>Planovi i programi rada te Izvje\u0161\u0107a o radu Doma za odrasle osobe Orehovica: &nbsp; Godi\u0161nji planovi i programi rada GODISNJI PLAN RADA I PROGRAM RAZVOJA DOMA OREHOVICA ZA 2026 GODINU Plan i program rada Doma Orehovica za 2025. godinu Plan i program rada Doma Orehovica za 2024. godinu Plan i program rada Doma Orehovica za&hellip;<\/p>\n","protected":false},"author":1,"featured_media":0,"parent":1231,"menu_order":111,"comment_status":"closed","ping_status":"closed","template":"","meta":{"ngg_post_thumbnail":0,"footnotes":""},"_links":{"self":[{"href":"https:\/\/dom-orehovica.hr\/index.php?rest_route=\/wp\/v2\/pages\/2411"}],"collection":[{"href":"https:\/\/dom-orehovica.hr\/index.php?rest_route=\/wp\/v2\/pages"}],"about":[{"href":"https:\/\/dom-orehovica.hr\/index.php?rest_route=\/wp\/v2\/types\/page"}],"author":[{"embeddable":true,"href":"https:\/\/dom-orehovica.hr\/index.php?rest_route=\/wp\/v2\/users\/1"}],"replies":[{"embeddable":true,"href":"https:\/\/dom-orehovica.hr\/index.php?rest_route=%2Fwp%2Fv2%2Fcomments&post=2411"}],"version-history":[{"count":16,"href":"https:\/\/dom-orehovica.hr\/index.php?rest_route=\/wp\/v2\/pages\/2411\/revisions"}],"predecessor-version":[{"id":4491,"href":"https:\/\/dom-orehovica.hr\/index.php?rest_route=\/wp\/v2\/pages\/2411\/revisions\/4491"}],"up":[{"embeddable":true,"href":"https:\/\/dom-orehovica.hr\/index.php?rest_route=\/wp\/v2\/pages\/1231"}],"wp:attachment":[{"href":"https:\/\/dom-orehovica.hr\/index.php?rest_route=%2Fwp%2Fv2%2Fmedia&parent=2411"}],"curies":[{"name":"wp","href":"https:\/\/api.w.org\/{rel}","templated":true}]}}

Planovi i Izvješća o radu

<p><strong>Planovi i programi rada te Izvješća o radu Doma za odrasle osobe Orehovica:</strong></p>
<p>&nbsp;</p>
<p><strong>Godišnji planovi i programi rada</strong></p>
<p><span style="text-decoration: underline; color: #3366ff;"><em><span style="color: #3366ff; text-decoration: underline;"><a style="color: #3366ff; text-decoration: underline;" href="https://dom-orehovica.hr/wp-content/uploads/2025/12/GODISNJI-PLAN-RADA-I-PROGRAM-RAZVOJA-DOMA-OREHOVICA-ZA-2026-GODINU.pdf">GODISNJI PLAN RADA I PROGRAM RAZVOJA DOMA OREHOVICA ZA 2026 GODINU</a></span></em></span></p>
<p><span style="text-decoration: underline; color: #3366ff;"><em><a style="color: #3366ff; text-decoration: underline;" href="https://dom-orehovica.hr/wp-content/uploads/2025/03/Plan_i_program_rada_Doma Orehovica_za_2025_godinu.pdf">Plan i program rada Doma Orehovica za 2025. godinu</a></em></span></p>
<p><span style="text-decoration: underline; color: #3366ff;"><em><a style="color: #3366ff; text-decoration: underline;" href="https://dom-orehovica.hr/wp-content/uploads/2024/05/Pla-i-program-rada-Doma-Orehovica-za-2024.-godinu.pdf">Plan i program rada Doma Orehovica za 2024. godinu</a></em></span></p>
<p><span style="text-decoration: underline; color: #3366ff;"><em><span style="color: #3366ff; text-decoration: underline;"><a style="color: #3366ff; text-decoration: underline;" href="https://dom-orehovica.hr/wp-content/uploads/2023/04/Plan-i-program-rada-Doma-Orehovica-za-2023-godinu.pdf">Plan i program rada Doma Orehovica za 2023 godinu</a></span></em></span></p>
<p><span style="text-decoration: underline; color: #3366ff;"><em><span style="color: #3366ff; text-decoration: underline;"><a style="color: #3366ff; text-decoration: underline;" href="https://dom-orehovica.hr/wp-content/uploads/2022/03/Plan-i-program-rada-Doma-Orehovica-za-2022-godinu.pdf">Plan i program rada Doma Orehovica za 2022 godinu</a></span></em></span></p>
<p><span style="text-decoration: underline; color: #3366ff;"><em><a style="color: #3366ff; text-decoration: underline;" href="http://dom-orehovica.hr/wp-content/uploads/2020/05/Plan-i-program-rada-Doma-Orehovica-za-2020-godinu.pdf">Plan i program rada Doma Orehovica za 2020 godinu</a></em></span></p>
<p><a href="http://dom-orehovica.hr/wp-content/uploads/2019/03/Plan_i_program_rada_Doma_Orehovica_za_2019.pdf" target="_blank" rel="noopener"><span style="text-decoration: underline; color: #3366ff;"><em>Plan i program rada Doma Orehovica za 2019 godinu</em></span></a></p>
<p><strong>Izvješća o radu</strong></p>
<p><span style="text-decoration: underline; color: #3366ff;"><em><span style="color: #3366ff; text-decoration: underline;"><a style="color: #3366ff; text-decoration: underline;" href="https://dom-orehovica.hr/wp-content/uploads/2026/03/Izvjesce-o-radu-za-2025-godinu.pdf">Izvjesce o radu za 2025 godinu</a></span></em></span></p>
<p><span style="text-decoration: underline; color: #3366ff;"><em><span style="color: #3366ff; text-decoration: underline;"><a style="color: #3366ff; text-decoration: underline;" href="https://dom-orehovica.hr/wp-content/uploads/2025/03/Izvjesce-o-radu-za-2024-godinu.pdf">Izvjesce o radu za 2024 godinu</a></span></em></span></p>
<p><span style="text-decoration: underline; color: #3366ff;"><em><a style="color: #3366ff; text-decoration: underline;" href="https://dom-orehovica.hr/wp-content/uploads/2024/05/Izvjesce-o-radu-za-2023.-godinu.pdf">Izvjesce o radu za 2023. godinu</a></em></span></p>
<p><span style="text-decoration: underline; color: #3366ff;"><em><span style="color: #3366ff;"><a style="color: #3366ff; text-decoration: underline;" href="https://dom-orehovica.hr/wp-content/uploads/2023/02/Izvjesce-o-radu-za-2022-godinu.pdf">Izvjesce o radu za 2022 godinu</a></span></em></span></p>
<p><span style="text-decoration: underline; color: #3366ff;"><em><a style="color: #3366ff; text-decoration: underline;" href="https://dom-orehovica.hr/wp-content/uploads/2022/03/Izvjesce-o-radu-za-2021-godinu.pdf">Izvjesce o radu za 2021 godinu</a></em></span></p>
<p><a href="http://dom-orehovica.hr/wp-content/uploads/2019/02/Izvjesce_o_radu_za_2018_godinu.pdf" target="_blank" rel="noopener"><span style="text-decoration: underline; color: #3366ff;"><em>Izvješće o radu za 2018. godinu</em></span></a></p>
<p>&nbsp;</p>

<p>Planovi i programi rada te Izvješća o radu Doma za odrasle osobe Orehovica: &nbsp; Godišnji planovi i programi rada GODISNJI PLAN RADA I PROGRAM RAZVOJA DOMA OREHOVICA ZA 2026 GODINU Plan i program rada Doma Orehovica za 2025. godinu Plan i program rada Doma Orehovica za 2024. godinu Plan i program rada Doma Orehovica za&hellip;</p>
