{"id":1231,"date":"2011-11-26T10:44:42","date_gmt":"2011-11-26T09:44:42","guid":{"rendered":"http:\/\/dom-orehovica.hr.win7.mojsite.com\/web\/?page_id=8"},"modified":"2022-10-12T13:45:58","modified_gmt":"2022-10-12T11:45:58","slug":"o-nama","status":"publish","type":"page","link":"https:\/\/dom-orehovica.hr\/?page_id=1231","title":{"rendered":"O nama"},"content":{"rendered":"<p style=\"text-align: justify;\">POVIJEST<\/p>\n<p>&nbsp;<\/p>\n<p style=\"text-align: justify;\"><strong>Dom za odrasle osobe Orehovica<\/strong> nastao je pro\u0161irenjem, transformacijom i razvojem Doma za stare i nemo\u0107ne osobe Orehovica, osnovanog rje\u0161enjem Skup\u0161tine kotara Prelog 1948. godine. Dom je bio smje\u0161ten u zgradi grani\u010dne vojarne izgra\u0111ene nakon 1. svjetskog rata. Uz obnavljanje stare zgrade dogra\u0111en je 1975. g. te 1990. g. kad je izgra\u0111en novi paviljon s kuhinjom i blagovaonom.<\/p>\n<p>2002. g. izvr\u0161ena je preregistracija zavoda za socijalno zdravstvenu za\u0161titu odraslih osoba, te je Dom za psihi\u010dki bolesne odrasle osobe Orehovica upisan u trgova\u010dkom sudu u Vara\u017edinu u sudski registar.<\/p>\n<p>2015. g. Dom za psihi\u010dki bolesne odrasle osobe Orehovica mijenja naziv u Dom za odrasle osobe Orehovica.<\/p>\n<p style=\"text-align: justify;\">Osniva\u010d Doma je republika Hrvatska za koju pravo i du\u017enost obavlja Ministarstvo zdravstva i socijalne skrbi. Na smje\u0161taj u Dom primaju se korisnici temeljem zahtjeva i rje\u0161enja centra za socijalnu skrb.<\/p>\n<p style=\"text-align: justify;\">Dom se nalazi u Me\u0111imurskoj \u017eupaniji, 12 km od \u017eupanijskog sredi\u0161ta \u010cakovca, u op\u0107ini Orehovica.<\/p>\n<p><strong>MISIJA DOMA<\/strong><\/p>\n<p style=\"text-align: justify;\">Dom pru\u017ea usluge stalnog smje\u0161taja za odrasle osobe s mentalnim o\u0161te\u0107enjima koje se sastoje od pru\u017eanja usluga stanovanja, prehrane, osobne higijene, brige o zdravlju i njege, radno &#8211; okupacionih aktivnosti, psihosocijalne rehabilitacije i osmi\u0161ljenog kori\u0161tenja slobodnog vremena.<\/p>\n<p style=\"text-align: justify;\"><strong>VIZIJA DOMA<\/strong><\/p>\n<p style=\"text-align: justify;\">Ustanova te\u017ei podizanju kvalitete smje\u0161taja korisnika i pro\u0161irenju usluga kvalitetnijeg zbrinjavanja. Podizanje kvalitete zbrinjavanja i pru\u017eanjem novih usluga, uvo\u0111enjem alterativnih socijalnih usluga u novoj zajednici te\u017ei deinstitucionalizaciji, individualizaciji zbrinjavanja, vra\u0107anju integriteta i ostvarivanje osobnih prava osoba s mentalnim o\u0161te\u0107enjima. Zadatak ustanove u budu\u0107nosti je da se novim oblicima i metodama doprinese humanijem zbrinjavanju osoba s mentalnim o\u0161te\u0107enjima koje \u0107e biti aktivni sudionici u vlastitom zbrinjavanju, koriste\u0107i pravo na osobni izbor.<br \/>\nZadatak svakog djelatnika je po\u0161tivanje i uva\u017eavanje korisnika te podr\u0161ka korisnicima u zadovoljavanju potreba.<\/p>\n\t<div class=\"ngg-albumoverview default-view\">\n\t\t\t\t\t<div class=\"ngg-album\">\n\t\t\t\t<div class=\"ngg-albumcontent\">\n\t\t\t\t\t\t\t\t\t\t\t<div class=\"ngg-thumbnail\">\n\t\t\t\t\t\t\t<a class='gallery_link' href='https:\/\/dom-orehovica.hr\/index.php\/nggallery\/dom-orehovica-izvana\/Dom-Orehovica---izvana?page_id=1231'>\n\t\t\t\t\t\t\t\t<img class=\"Thumb\"\n\t\t\t\t\t\t\t\t\talt=\"Dom Orehovica - izvana\"\n\t\t\t\t\t\t\t\t\tsrc=\"https:\/\/dom-orehovica.hr\/wp-content\/gallery\/dom-orehovica-izvana\/cache\/291950_282599468423925_277028388981033_1368907_510333598_n.jpg-nggid0213-ngg0dyn-91x68-00f0w010c011r110f110r010t010.jpg\"\/>\n\t\t\t\t\t\t\t<\/a>\n\t\t\t\t\t\t<\/div>\n\t\t\t\t\t\t\t\t\t\t<div class=\"ngg-albumtitle\">\n\t\t\t\t\t\t<a class='gallery_link' href='https:\/\/dom-orehovica.hr\/index.php\/nggallery\/dom-orehovica-izvana\/Dom-Orehovica---izvana?page_id=1231'>Dom Orehovica - izvana<\/a>\n\t\t\t\t\t<\/div>\n\t\t\t\t\t<div class=\"ngg-description\">\n\t\t\t\t\t\t<p><\/p>\n\t\t\t\t\t\t\t\t\t\t\t\t\t<p class=\"ngg-album-gallery-image-counter\">\n\t\t\t\t\t\t\t\t<strong>9<\/strong>&nbsp;Photos<\/p>\n\t\t\t\t\t\t\t\t\t\t\t<\/div>\n\t\t\t\t<\/div>\n\t\t\t<\/div>\n\t\t\t\t<div class='ngg-clear'><\/div>\t<\/div>\n\n\t<div class=\"ngg-albumoverview default-view\">\n\t\t\t\t\t<div class=\"ngg-album\">\n\t\t\t\t<div class=\"ngg-albumcontent\">\n\t\t\t\t\t\t\t\t\t\t\t<div class=\"ngg-thumbnail\">\n\t\t\t\t\t\t\t<a class='gallery_link' href='https:\/\/dom-orehovica.hr\/index.php\/nggallery\/dom-orehovica-iznutra\/Dom-Orehovica---iznutra?page_id=1231'>\n\t\t\t\t\t\t\t\t<img class=\"Thumb\"\n\t\t\t\t\t\t\t\t\talt=\"Dom Orehovica - iznutra\"\n\t\t\t\t\t\t\t\t\tsrc=\"https:\/\/dom-orehovica.hr\/wp-content\/gallery\/dom-orehovica-iznutra\/cache\/291950_282599481757257_277028388981033_1368910_1652437115_n.jpg-nggid0222-ngg0dyn-91x68-00f0w010c011r110f110r010t010.jpg\"\/>\n\t\t\t\t\t\t\t<\/a>\n\t\t\t\t\t\t<\/div>\n\t\t\t\t\t\t\t\t\t\t<div class=\"ngg-albumtitle\">\n\t\t\t\t\t\t<a class='gallery_link' href='https:\/\/dom-orehovica.hr\/index.php\/nggallery\/dom-orehovica-iznutra\/Dom-Orehovica---iznutra?page_id=1231'>Dom Orehovica - iznutra<\/a>\n\t\t\t\t\t<\/div>\n\t\t\t\t\t<div class=\"ngg-description\">\n\t\t\t\t\t\t<p><\/p>\n\t\t\t\t\t\t\t\t\t\t\t\t\t<p class=\"ngg-album-gallery-image-counter\">\n\t\t\t\t\t\t\t\t<strong>8<\/strong>&nbsp;Photos<\/p>\n\t\t\t\t\t\t\t\t\t\t\t<\/div>\n\t\t\t\t<\/div>\n\t\t\t<\/div>\n\t\t\t\t<div class='ngg-clear'><\/div>\t<\/div>\n\n","protected":false},"excerpt":{"rendered":"<p>POVIJEST &nbsp; Dom za odrasle osobe Orehovica nastao je pro\u0161irenjem, transformacijom i razvojem Doma za stare i nemo\u0107ne osobe Orehovica, osnovanog rje\u0161enjem Skup\u0161tine kotara Prelog 1948. godine. Dom je bio smje\u0161ten u zgradi grani\u010dne vojarne izgra\u0111ene nakon 1. svjetskog rata. Uz obnavljanje stare zgrade dogra\u0111en je 1975. g. te 1990. g. kad je izgra\u0111en novi&hellip;<\/p>\n","protected":false},"author":2,"featured_media":0,"parent":0,"menu_order":1,"comment_status":"closed","ping_status":"open","template":"","meta":{"ngg_post_thumbnail":0,"footnotes":""},"_links":{"self":[{"href":"https:\/\/dom-orehovica.hr\/index.php?rest_route=\/wp\/v2\/pages\/1231"}],"collection":[{"href":"https:\/\/dom-orehovica.hr\/index.php?rest_route=\/wp\/v2\/pages"}],"about":[{"href":"https:\/\/dom-orehovica.hr\/index.php?rest_route=\/wp\/v2\/types\/page"}],"author":[{"embeddable":true,"href":"https:\/\/dom-orehovica.hr\/index.php?rest_route=\/wp\/v2\/users\/2"}],"replies":[{"embeddable":true,"href":"https:\/\/dom-orehovica.hr\/index.php?rest_route=%2Fwp%2Fv2%2Fcomments&post=1231"}],"version-history":[{"count":5,"href":"https:\/\/dom-orehovica.hr\/index.php?rest_route=\/wp\/v2\/pages\/1231\/revisions"}],"predecessor-version":[{"id":3123,"href":"https:\/\/dom-orehovica.hr\/index.php?rest_route=\/wp\/v2\/pages\/1231\/revisions\/3123"}],"wp:attachment":[{"href":"https:\/\/dom-orehovica.hr\/index.php?rest_route=%2Fwp%2Fv2%2Fmedia&parent=1231"}],"curies":[{"name":"wp","href":"https:\/\/api.w.org\/{rel}","templated":true}]}}